e units digit of n?
8
Suppose -3*r - 4*s + 354 = 0, 2*r - s = -0*s + 247. Suppose m = -m - r. Let z = m + 220. What is the units digit of z?
9
What is the units digit of ((-1008)/(-1260))/(2/38450)?
0
Suppose 12*v + 5*u = 10*v + 7838, -u = -4*v + 15654. What is the hundreds digit of v?
9
Suppose -411*d + 348534 = -393*d. What is the tens digit of d?
6
What is the units digit of (-3 + -2)/(-1) - ((-160242)/1)/17?
1
Let o = -78 + 116. What is the hundreds digit of (35 - o)/(3/(-199))?
1
What is the ten thousands digit of 12/(-36)*-145956 + 17?
4
Let j = 5403 - -2717. What is the thousands digit of j?
8
Let p(a) = -8*a**3 + 6*a**2 - 2*a - 4. Let w be p(4). Let o = w - -774. What is the hundreds digit of o?
3
Let v(k) = k - 4. Let y be v(6). Let b = -527 - -693. Suppose -d + b = 2*d + y*a, -2*a = -10. What is the units digit of d?
2
Let c(o) = 34*o - 96. Suppose -34*k + 20 = -29*k. What is the tens digit of c(k)?
4
Suppose -9*x = 164 + 7. What is the tens digit of (0 - -1)*x/(95/(-405))?
8
Suppose -475 + 111 = 14*c. What is the units digit of (-50)/8*c*3144/655?
0
Suppose 0 = -38*i + 198767 + 683652 + 309717. What is the ten thousands digit of i?
3
Suppose 0 = g - 0*g + 1. Let w(k) = -k**2 + k. Let d(l) = 3*l**2 + 5*l + 5. Let u(q) = g*w(q) + d(q). What is the units digit of u(-4)?
3
Suppose 0 = 150*l - 897734 - 79366. What is the units digit of l?
4
Let r(b) be the second derivative of -61*b**3 + 9*b**2 - 70*b. What is the units digit of r(-1)?
4
Let l(w) = 3*w**2 - 10*w + 7. Let v be l(3). Suppose 2*h = -v*n - 0*h + 682, -4*h + 20 = 0. What is the units digit of n?
8
Suppose -4*v = 117 + 119. Let p = v - -117. Let i = -48 + p. What is the units digit of i?
0
Suppose 4*v - 149343 = -3*o + 9*v, -49779 = -o + v. What is the thousands digit of o?
9
Suppose -6*t - 192 - 54 = 0. Let j = t - -162. What is the units digit of j?
1
Let z be (-2 + -1)/((-60)/8)*10. Suppose -b = -3*k + 655, -z*k = k - 2*b - 1092. What is the tens digit of k?
1
Suppose c = 3*i - 0*i + 15754, -2*c + 4*i + 31512 = 0. What is the ten thousands digit of c?
1
Let t(n) = n**2 + 7*n + 184. Let i be t(0). Let b = i + -76. What is the tens digit of b?
0
What is the hundreds digit of (-43 + 44)*(-7310)/(-2) - -7?
6
Let g = 16 + -13. Let q be (-21222)/(-45) + g/(-5). Suppose -q = -5*j + 234. What is the units digit of j?
1
Let w(p) = -41*p**3 + 14*p**2 + 42. What is the units digit of w(-10)?
2
Let c(o) be the third derivative of 31*o**4/24 + 9*o**3/2 + 9*o**2 + 1. What is the tens digit of c(1)?
5
Let g = 185 + -181. Suppose o = -g*o + 760. What is the units digit of o?
2
Let c be (-4 - -6 - 8) + (2 - -852). Suppose -c = -3*p + 3235. What is the hundreds digit of p?
3
Suppose -5*y + 23820 = 9*i - 14*i, 2*i = y - 4764. What is the tens digit of y?
6
Suppose 60 - 45 = h. Let u = 19 - h. Suppose 24 = -u*z + 5*z. What is the tens digit of z?
2
Let h(b) be the second derivative of -11*b**3/2 - 49*b**2 + 73*b. What is the hundreds digit of h(-14)?
3
Suppose 0 = 7*b - 3*b - 20. Suppose -71 = -b*i + 44. Suppose -i*t + 172 = -21*t. What is the tens digit of t?
8
Let l(b) = 9982*b**3 + 53*b**2 - 51*b - 3. What is the tens digit of l(1)?
8
Suppose -1656451 - 2931876 = -197*f. What is the tens digit of f?
9
Let c(j) = 89 + 105 - 35869*j**2 + 35*j + 35872*j**2. What is the hundreds digit of c(-23)?
9
Let l(b) = -1466*b - 44. Let t be l(-11). Suppose -14*p + 31*p - t = 0. What is the tens digit of p?
4
Suppose 3*b - 6 = 2*o - 0*o, 5*b + 9 = -3*o. What is the tens digit of (2 - b) + 3640/7?
2
Let z = 143 + -127. Suppose -c = 3*c - 44. Suppose 0 = -c*n + z - 5. What is the units digit of n?
1
Suppose -179*d = -190*d - 88. What is the tens digit of (68/(-10) - d)*140?
6
Suppose 3*k - 409 = -v, 4*k = -v - 0*v + 546. Let r = 79 - k. What is the hundreds digit of (-5040)/(-26) + r/(-377)?
1
Suppose s + 15 = z, z - 26 = 4*s + 19. Let l = 36 + s. Suppose -6*d + 76 = -l. What is the units digit of d?
7
Let j(r) be the third derivative of 36*r**2 + 0*r + 1/12*r**4 - 1/6*r**3 + 0 + 1/2*r**5. What is the units digit of j(-2)?
5
Let v = -100 - -105. Suppose 2*d + 4 + 13 = -3*f, 5*d = v*f + 20. What is the tens digit of 185 + 12/(d - -4)?
8
Let v be 0/(-2) - 36/2. Let x(t) = t**2 + 15*t - 15. Let w be x(v). Suppose -275 = -5*g - 5*h, -181 = -4*g + h + w. What is the units digit of g?
5
Suppose 3*j - 4*z = 133254, -19*z + 12 = -21*z. What is the units digit of j?
0
Let q = 590 - 623. Let f(d) = d**3 + 35*d**2 + 25*d + 24. What is the hundreds digit of f(q)?
3
Let x(t) = -6*t + 215. Let f be x(-16). Let s = f - 82. What is the tens digit of s?
2
Suppose 0 = -2*p + 3*p + 630. Let r = 1183 + p. What is the units digit of r?
3
Suppose u - 56 = 14. Let p = 56 + 2. Suppose -u - p = -b. What is the tens digit of b?
2
Let y(a) = 18*a - 62. Let l be y(2). Let m = 45 + l. What is the tens digit of m?
1
Let a be (12/(-30))/((-1)/(-5)). Let y = 247 - 659. What is the units digit of (y/8 - 1)*a?
5
Let a = 36906 - 15933. What is the hundreds digit of a?
9
Suppose -167*i + 18886980 = 219*i. What is the ten thousands digit of i?
4
Suppose 5*j = 35, -5*j = 14*q - 10*q - 221763. What is the units digit of q?
2
What is the ten thousands digit of -6 + 20 + (10 - -10753)?
1
Let f = -15777 + 19059. What is the hundreds digit of f?
2
Let t = 43 - 39. Suppose 4*o - 636 = -4*s, -t*o - 139 = -3*s + 2*s. Let r = s - 82. What is the units digit of r?
3
Suppose -170*p - 5 = -171*p. Suppose -p*h + 6*h + 4*b - 102 = 0, -3*b - 6 = 0. What is the units digit of h?
0
Let v = 12156 + -3295. What is the thousands digit of v?
8
Let n be 10/155 + 4/(-62). Suppose -5*z - 5*d + 4320 = n, 1158 = 2*z + 3*d - 566. What is the hundreds digit of z?
8
Suppose 4*n - 50 + 6 = 3*y, -5*y + 20 = 5*n. Let p = 15 + n. Suppose -25*u = -p*u - 48. What is the tens digit of u?
2
What is the hundreds digit of 355/426 - (-1080111)/18?
0
Suppose -16*o + 4*o = 60. Let a(s) = -47*s - 6. What is the units digit of a(o)?
9
Let l(m) = 20*m**2 + 6*m - 27. Let u be l(4). Let b be 2 + (u - (-2 - -4)). Let w = -223 + b. What is the tens digit of w?
9
Suppose -143*f = 5*h - 139*f - 1111, 5*h - 1087 = 2*f. What is the units digit of h?
9
Let k(g) = 1582*g**2 - 415*g + 2030. What is the tens digit of k(5)?
0
Let t = 24791 + -23891. What is the hundreds digit of t?
9
Let f(h) = 21*h + 15. Let g be f(-1). What is the units digit of (-2811)/g + (-12)/(-24)?
9
What is the tens digit of 7/((-245)/(-15915)) - 24/(-84)?
5
Let x(y) = y**2 + y + 1. Let u(p) = -4*p**2 + 5*p - 3 - 8*p**2 - 8*p - p. Let a(c) = -u(c) - 6*x(c). What is the tens digit of a(3)?
4
Suppose -v + 36 = v. Let g be ((2 - v) + 3)*(0 - 1). Let n(h) = -h**3 + 12*h**2 + 17*h - 19. What is the units digit of n(g)?
3
Let m = -8030 + 13308. What is the tens digit of m?
7
Let q(c) = -146*c + 79. Let z be q(-35). Suppose 16*k = z + 2075. What is the hundreds digit of k?
4
Suppose -24*f + 48*f = 55699 + 7109. What is the thousands digit of f?
2
Suppose 400*h - 14 = 398*h. Suppose -2*d + 6*b - h*b = -741, -3*b = -2*d + 753. What is the units digit of d?
2
Suppose -4220523 - 3477568 = -122*j - 2716099. What is the thousands digit of j?
0
Suppose 2*b - 2*o - 384 = 3*b, -3*o = -2*b - 782. Let p = b + 574. What is the hundreds digit of p?
1
Suppose 2923533 = -45*a + 288*a. What is the ten thousands digit of a?
1
Let m(g) = -2*g - 4. Let r be m(-9). What is the hundreds digit of (1 - 6461/r)*4/(-6)?
3
Let z be 2 - (2 + -1 + -93). Let h = -1455 + 1501. Let k = z - h. What is the tens digit of k?
4
Let g be (-8)/12*15/5*-1. Suppose -388 = -g*c + 570. What is the hundreds digit of c?
4
Let h(z) = 2*z**2 - 2*z - 3. Let s be h(-2). Let f be (s/(-18)*(0 - 0))/(-2). What is the units digit of ((-284)/(-4))/(1 - f)?
1
Let n be (2 + -2 + 3)*(15 - 10). What is the hundreds digit of (-968)/(-6) - (155/n - 10)?
1
Let r(i) = -14*i + 67. Let v be r(5). Let a be 1867 + (-5 - v) + -1. Suppose -15*q + 7*q = -a. What is the tens digit of q?
3
Suppose -h - 4*m = -1242, 4*h - 2*m = -5*m + 4929. Let i = 144 + h. What is the hundreds digit of i?
3
Let l be (4 + 45/(-10))*4*-1. Suppose -c - 11 = 5*b, -l*b - 2*b = 5*c + 160. What is the units digit of (-15)/(-45)*c/(-2)?
6
Let j(r) = -67*r - 55. Let c be j(-7). Let w = -132 + c. What is the tens digit of w